y = -1 - n. Suppose -3*u = y, 0*u - 176 = -a + 4*u. Calculate the greatest common divisor of a and 11.
11
Let h(o) = 6*o**2 + 211*o + 5*o**3 - 203*o - 6*o**3 - 10 - 4. Let u be h(4). Calculate the greatest common divisor of u and 550.
50
Suppose -2*v + 1408 = -12*p + 9*p, -2*v = 5*p - 1456. Calculate the greatest common factor of 279 and v.
31
Suppose 1177 + 143 = 11*v. Suppose 29*w = 21*w + v. What is the greatest common factor of 435 and w?
15
Let v(w) = 24*w**2 - 118*w + 672. Let c be v(6). What is the highest common factor of 54 and c?
18
Let l be -4 + (-7 + 8)*(-1 - -6). Let g be 13 + (l - 3) + -4. What is the highest common divisor of 469 and g?
7
Let z(v) = 2*v - 18 + 52 + 0*v. Suppose -14*m = -9*m + 4*x + 72, 70 = -5*m - 5*x. Let a be z(m). What is the highest common factor of a and 3?
1
Suppose 674 + 310 = 3*k. Let l = -294 + k. Calculate the greatest common divisor of l and 102.
34
Suppose -2 - 2 = 4*o, -193 = -4*x + o. Let q be 44/(-242) - ((-992)/11)/1. Suppose -q*i = -82*i - 24. What is the highest common factor of i and x?
3
Let o(n) = n**2 - 31*n + 127. Let a = 837 + -833. Let l be o(a). Let c(h) = 20*h**2 - 2*h. Let j be c(2). Calculate the greatest common factor of j and l.
19
Suppose 17*g + 11*g = -16968. Let d = g - -632. What is the greatest common factor of 39 and d?
13
Let u be ((75/45)/(-5))/(2/(-462) + 0). What is the highest common divisor of 9779 and u?
77
Let p(c) = 4*c + 66. Let d(z) = 3*z + 32. Let f(q) = -13*d(q) + 6*p(q). Let u be f(-2). Calculate the greatest common factor of 20 and u.
10
Let r(l) = -197*l + 685. Let k be r(3). Calculate the greatest common factor of k and 2021.
47
Let f be -1*-2*(-1 - -2). Suppose -f*p = -5*p - v + 120, -5*p = 5*v - 200. Let l = p + -31. Calculate the highest common factor of 9 and l.
9
Let k = 13 + 5. Suppose -k*i - 41 = -19*i. Calculate the greatest common factor of i and 82.
41
Let m = -95 - -235. Let o = 284 - 224. Calculate the highest common divisor of m and o.
20
Let o(u) = -2*u - 40. Suppose -5*n = 3*s + 5, s + 4*n = 5*s - 4. Let t be o(s). Let k = 80 + t. Calculate the highest common divisor of k and 30.
10
Suppose -4*g + 23 = -5*k - 13, -4*k + 3*g - 28 = 0. Let i be (4*k)/(30/(-360)). What is the greatest common factor of 3 and i?
3
Suppose -96*j + 21896 = -26*j + 22*j. Calculate the highest common divisor of j and 3682.
14
Let d be ((-45)/(-2565)*779)/(2/((-12)/(-2))). Suppose -4*z + 5*r + 12 + 71 = 0, 114 = 5*z + 4*r. Let b = 63 - z. What is the highest common factor of d and b?
41
Let o = 40 + 30. Let z(i) = -21*i + 15. Let v be z(5). Let t = v + 110. Calculate the greatest common divisor of t and o.
10
Let d be -1*8/(40/(-15)). Let y be ((-14)/d)/(18/(-27)). Let x(z) = -z**3 + 8*z**2 - 5*z - 4. Let k be x(y). Calculate the highest common factor of k and 2.
2
Suppose -8*v + 4*v = -4*m - 7824, -5848 = -3*v - 2*m. What is the greatest common factor of v and 8?
8
Suppose -9*j + 19 = 28, -2*j = 2*f - 5850. What is the highest common factor of f and 76?
38
Suppose 0 = 2*o - 4*w - 630, 5*o + 4*w - 4047 = -2444. What is the greatest common divisor of 6235 and o?
29
Let m = 31 - 12. Let u = -12 + m. Suppose 0 = -i - 39 + 46. What is the greatest common divisor of u and i?
7
Suppose 0 = -2*b - 3*s + 723, -1821 = -76*b + 71*b - 3*s. Calculate the highest common factor of 282 and b.
6
Suppose m + p + 2*p = 6, 3*p = -2*m + 3. Let g be (-22)/44 - m*2/(-4). Let l be 3*(g + (32 - 5)). What is the highest common divisor of l and 100?
25
Suppose -r - r = 4*z - 15896, 3*z - 4*r = 11933. Let w = -2533 + z. Calculate the greatest common factor of 103 and w.
103
Let j(p) = 36*p**3 + 3*p**2 - 80*p + 10. Let a be j(6). Calculate the greatest common factor of a and 22.
22
Let f be (4/(-10))/(22/(-110)). Suppose 3*d - 9 = 3*k, 5*k + 15 = -f*d - d. Let z be (k + 14/6)*-87. What is the greatest common divisor of 29 and z?
29
Let p(m) = m**3 - 5*m**2 - 3*m + 32. Let g be p(5). Suppose -3*z - 14*q = -g*q - 18, 4*q - 24 = -4*z. What is the highest common factor of 4 and z?
2
Suppose 4*l = -4*l + 96. Let v be l/8 + (-5)/(-10). Let y be 77/7 + (v + -5)/1. Calculate the greatest common divisor of 6 and y.
2
Suppose 4*g + 5*b = 278, b - 3*b = 4*g - 272. Let w = g + -135. Let z = w + 97. What is the highest common divisor of 232 and z?
29
Let w = 652 + -640. Let l be (0 - 10)*(-12 - -6). What is the highest common divisor of w and l?
12
Let o(q) = -85*q - 889. Let b be o(-17). Calculate the highest common factor of 52 and b.
4
Suppose -247*i + 93*i + 73*i = -2835. What is the highest common factor of i and 203?
7
Let f = 62 - -34. Suppose 0 = 15*y - f - 159. Let c(z) = z**2 + 8*z + 1. Let a be c(6). Calculate the highest common factor of y and a.
17
Let n = 2752 - 2587. What is the greatest common factor of 1705 and n?
55
Suppose 7*y = -0*y + 231. Suppose 172*l + 22 - 297 = 167*l. Calculate the highest common factor of y and l.
11
Let p be (-5)/55 - (-10 + 3395/(-77)). Calculate the greatest common divisor of p and 5778.
54
Let m be (7 + -6 + 203)*14140/105. Calculate the greatest common factor of 16 and m.
16
Let x(h) = h**3 - 10*h**2 + 5. Let s be x(11). Suppose -q = -27*q + 1564 + 256. Calculate the highest common factor of s and q.
14
Let z be (37 - (-16)/(-8)) + -10 - 1*-5. What is the highest common factor of z and 3585?
15
Suppose 0 = 775*p - 795*p + 7420. What is the highest common divisor of p and 689?
53
Let g(z) = -z**2 + 3*z - 8 + 17 + 4*z. Let f be g(7). Suppose 6*n = f*n - 72. What is the greatest common divisor of n and 192?
24
Suppose 154*l + 5*d + 34435 = 159*l, -5*d - 20661 = -3*l. Calculate the highest common divisor of l and 97.
97
Suppose 1756 - 1900 = -4*d. Let p(g) = g**3 + 10*g**2 + 8*g - 1. Let i be p(-7). Calculate the greatest common divisor of d and i.
18
Let n be 5/(-15) - (-226)/(-6). Let k = -27 - n. Let q = 851 - 849. What is the greatest common factor of k and q?
1
Let f be (-1764)/(-20)*1485/2673. Let y be (1 - -2)/((-1)/(-7)). Suppose -2*p - y = -5*p. What is the highest common divisor of p and f?
7
Let w = 397 - 221. Let i be (-4)/7 + w/14. Let s be (-9)/i*-1*32/12. What is the highest common divisor of 6 and s?
2
Suppose -14 = 6*l - 62. Suppose -2*c - y = -28, 60 = -5*c + l*c - 3*y. Suppose 0 = 2*u - 80 - 16. Calculate the highest common divisor of u and c.
16
Let f = 439 + 37. Let t be (480/72)/(8/6). Suppose -t*d + 2*d + f = 4*h, -2*h = 2. What is the greatest common divisor of 32 and d?
32
Let t = 20781 + -20700. What is the greatest common factor of 1 and t?
1
Suppose 3*t = 5*q - 49, 0*t - 38 = -4*q + 3*t. Let p = 667 + -325. Suppose -p = -7*d - q*d. Calculate the greatest common divisor of 95 and d.
19
Suppose -2*n = -3*n + 32. Suppose 0 = q + 2*q + 5*w + 153, -2*w - 162 = 3*q. Let l be (108/(-7))/(3/q). What is the highest common divisor of n and l?
32
Suppose 82*d + 558 = 88*d. Suppose 3*p + 3*i - 47 = 2*p, 0 = -2*p - 5*i + d. Calculate the highest common factor of 33 and p.
11
Let z = 120 - 125. Let x be (-876)/(-8) + (20/(-8))/z. Calculate the greatest common factor of 10 and x.
10
Let j be (-4)/(-8)*(5 + 0 - 3). Let u(m) = 43*m - 5. Let w(i) = -i. Let r(x) = u(x) + 5*w(x). Let q be r(j). Calculate the highest common factor of 11 and q.
11
Let u(m) = -6*m + 72. Let l be u(9). Suppose -324 = -9*k - 3*k. What is the highest common factor of l and k?
9
Suppose -58 = -0*q - 2*q. Suppose -11*h + 9*h - t + q = 0, -5*h + 5*t + 50 = 0. Suppose -7*m = -h*m + 102. Calculate the highest common factor of 34 and m.
17
Let i be 164 + 11/((-253)/115). What is the highest common factor of 24 and i?
3
Let s(u) = -21*u**2. Let m be s(1). Let n = -48 - m. Let y be (-6)/n + (-5176)/(-36). Calculate the highest common factor of 16 and y.
16
Suppose 0 = -8*d + 15*d + 56. Let c = -67 - d. Let o = -57 - c. What is the greatest common divisor of 14 and o?
2
Let a = 622 + -390. Let c be (16/(-28))/(2/(-28)). What is the greatest common divisor of c and a?
8
Suppose -14*b = -18*b + 4, b + 38 = z. Suppose 3*w + 5 = 8. Let t be 24/w - (-24)/12. Calculate the highest common divisor of t and z.
13
Let k(m) = 279*m + 5680. Let v be k(-20). What is the greatest common divisor of v and 355?
5
Let w be (-42 + 0)*(-596160)/46368. Let q = 64 + -24. What is the highest common divisor of